actors of 823881.
3, 274627
List the prime factors of 472797.
3, 13, 449
What are the prime factors of 697544?
2, 17, 23, 223
What are the prime factors of 1092346?
2, 546173
List the prime factors of 17480747.
43, 223, 1823
What are the prime factors of 87323?
87323
What are the prime factors of 1122743?
181, 6203
What are the prime factors of 98584?
2, 12323
What are the prime factors of 27341959?
27341959
List the prime factors of 537083.
127, 4229
What are the prime factors of 2848366?
2, 19, 23, 3259
What are the prime factors of 13400318?
2, 17, 73, 5399
What are the prime factors of 20309267?
11, 1846297
List the prime factors of 19482.
2, 3, 17, 191
List the prime factors of 22423779.
3, 7, 355933
List the prime factors of 6207170.
2, 5, 620717
What are the prime factors of 800177?
7, 114311
What are the prime factors of 371882?
2, 7, 101, 263
List the prime factors of 2632755.
3, 5, 167, 1051
List the prime factors of 3832160.
2, 5, 43, 557
List the prime factors of 318984.
2, 3, 13291
What are the prime factors of 255927?
3, 7, 1741
What are the prime factors of 172164?
2, 3, 14347
List the prime factors of 2987212.
2, 97, 7699
List the prime factors of 492005.
5, 19, 5179
What are the prime factors of 1744888?
2, 218111
What are the prime factors of 7432572?
2, 3, 7, 19, 4657
List the prime factors of 323939.
7, 11, 601
What are the prime factors of 5993076?
2, 3, 499423
List the prime factors of 2552863.
587, 4349
List the prime factors of 11676235.
5, 2335247
List the prime factors of 167596.
2, 11, 13, 293
List the prime factors of 770080.
2, 5, 4813
List the prime factors of 83884.
2, 67, 313
List the prime factors of 8692.
2, 41, 53
What are the prime factors of 3576733?
3576733
What are the prime factors of 2388089?
11, 61, 3559
List the prime factors of 638375.
5, 5107
What are the prime factors of 41488?
2, 2593
List the prime factors of 168705.
3, 5, 23, 163
List the prime factors of 7104478.
2, 29, 347, 353
What are the prime factors of 14150703?
3, 7, 359, 1877
What are the prime factors of 673520?
2, 5, 8419
What are the prime factors of 3332529?
3, 123427
List the prime factors of 139312.
2, 8707
List the prime factors of 10821786.
2, 3, 41, 43991
List the prime factors of 458045.
5, 7, 23, 569
What are the prime factors of 58690?
2, 5, 5869
What are the prime factors of 12294877?
7, 239, 7349
List the prime factors of 272164.
2, 68041
What are the prime factors of 196444?
2, 67, 733
What are the prime factors of 13754796?
2, 3, 11, 9473
What are the prime factors of 6216039?
3, 349, 1979
What are the prime factors of 18306961?
18306961
List the prime factors of 1286046.
2, 3, 37, 1931
What are the prime factors of 24260515?
5, 23, 210961
List the prime factors of 1762184.
2, 167, 1319
List the prime factors of 869079.
3, 19, 79, 193
List the prime factors of 1281667.
1281667
List the prime factors of 857169.
3, 53, 599
List the prime factors of 502992.
2, 3, 7, 499
List the prime factors of 254287.
11, 23117
What are the prime factors of 580392?
2, 3, 2687
What are the prime factors of 1587232?
2, 193, 257
What are the prime factors of 984200?
2, 5, 7, 19, 37
List the prime factors of 1699534.
2, 849767
What are the prime factors of 2624538?
2, 3, 7, 79, 113
List the prime factors of 555768.
2, 3, 31, 83
What are the prime factors of 100527?
3, 7, 4787
List the prime factors of 132428.
2, 33107
What are the prime factors of 342254?
2, 11, 47, 331
What are the prime factors of 19499184?
2, 3, 45137
List the prime factors of 1690363.
79, 21397
What are the prime factors of 1864967?
13, 41, 3499
What are the prime factors of 328556?
2, 82139
List the prime factors of 181735.
5, 19, 1913
List the prime factors of 89029.
17, 5237
What are the prime factors of 6838702?
2, 13, 83, 3169
What are the prime factors of 2528549?
139, 18191
What are the prime factors of 10455180?
2, 3, 5, 271, 643
List the prime factors of 7936573.
1303, 6091
List the prime factors of 15327480.
2, 3, 5, 7, 71, 257
List the prime factors of 198946.
2, 11, 9043
List the prime factors of 193965.
3, 5, 67, 193
List the prime factors of 2529577.
41, 103, 599
List the prime factors of 220316.
2, 55079
What are the prime factors of 919618?
2, 7, 65687
List the prime factors of 10168333.
7, 207517
List the prime factors of 217885.
5, 43577
What are the prime factors of 192100?
2, 5, 17, 113
List the prime factors of 1027269.
3, 38047
List the prime factors of 9841780.
2, 5, 13, 37853
What are the prime factors of 6537936?
2, 3, 136207
List the prime factors of 376429.
337, 1117
List the prime factors of 698870.
2, 5, 17, 4111
List the prime factors of 37765202.
2, 211, 89491
List the prime factors of 26846.
2, 31, 433
What are the prime factors of 497944?
2, 67, 929
List the prime factors of 315968.
2, 4937
List the prime factors of 2295959.
29, 41, 1931
List the prime factors of 305036.
2, 76259
What are the prime factors of 1956900?
2, 3, 5, 11, 593
List the prime factors of 408392.
2, 71, 719
What are the prime factors of 386163?
3, 107, 401
What are the prime factors of 256775?
5, 10271
What are the prime factors of 2558436?
2, 3, 213203
What are the prime factors of 5196101?
17, 19, 16087
What are the prime factors of 1359733?
1359733
List the prime factors of 23458534.
2, 11, 1066297
List the prime factors of 252059.
17, 14827
List the prime factors of 10791613.
7, 113, 1949
List the prime factors of 7162201.
37, 193573
What are the prime factors of 245626?
2, 191, 643
List the prime factors of 61431.
3, 20477
What are the prime factors of 322047?
3, 11, 3253
What are the prime factors of 6994671?
3, 2331557
List the prime factors of 743895.
3, 5, 61, 271
What are the prime factors of 29235?
3, 5, 1949
What are the prime factors of 232557?
3, 13, 67, 89
What are the prime factors of 1872386?
2, 47, 19919
List the prime factors of 1258548.
2, 3, 104879
List the prime factors of 199552.
2, 1559
What are the prime factors of 869427?
3, 13, 2477
What are the prime factors of 727637?
53, 13729
What are the prime factors of 866520?
2, 3, 5, 29, 83
List the prime factors of 17021664.
2, 3, 11, 199
List the prime factors of 260250.
2, 3, 5, 347
What are the prime factors of 6364400?
2, 5, 7, 2273
List the prime factors of 14646457.
7, 2092351
List the prime factors of 83245.
5, 16649
List the prime factors of 538245.
3, 5, 443
What are the prime factors of 2094977?
37, 41, 1381
List the prime factors of 1102.
2, 19, 29
What are the prime factors of 458454?
2, 3, 109, 701
What are the prime factors of 102115?
5, 13, 1571
What are the prime factors of 25315?
5, 61, 83
What are the prime factors of 195312?
2, 3, 13, 313
List the prime factors of 10023877.
10023877
What are the prime factors of 15263?
15263
List the prime factors of 66447.
3, 23, 107
List the prime factors of 75168.
2, 3, 29
List the prime factors of 1156392.
2, 3, 16061
What are the prime factors of 321270?
2, 3, 5, 10709
What are the prime factors of 330619?
19, 17401
What are the prime factors of 6243146?
2, 7, 13, 34303
List the prime factors of 143206.
2, 7, 53, 193
What are the prime factors of 2796462?
2, 3, 43, 3613
What are the prime factors of 442311?
3, 61, 2417
List the prime factors of 289377.
3, 11, 37, 79
List the prime factors of 211318.
2, 19, 67, 83
List the prime factors of 7789840.
2, 5, 97373
What are the prime factors of 123330?
2, 3, 5, 4111
What are the prime factors of 5364244?
2, 23, 199, 293
What are the prime factors of 5294682?
2, 3, 294149
What are the prime factors of 139652?
2, 34913
List the prime factors of 1330348.
2, 103, 3229
List the prime factors of 48992.
2, 1531
What are the prime factors of 517932?
2, 3, 14387
What are the prime factors of 772728?
2, 3, 11, 2927
What are the prime factors of 2976586?
2, 53, 28081
List the prime factors of 676148.
2, 11, 127
List the prime factors of 125781.
3, 41927
What are the prime factors of 216647?
216647
What are the prime factors of 121342?
2, 13, 359
List the prime factors of 4526103.
3, 757, 1993
What are the prime factors of 9862000?
2, 5, 4931
What are the prime factors of 555591?
3, 41, 4517
What are the prime factors of 1950281?
311, 6271
What are the prime factors of 247036?
2, 151, 409
What are the pr